ctor of 5 and 5.
5
Calculate the greatest common divisor of 1203 and 3.
3
Calculate the highest common divisor of 72 and 3528.
72
Calculate the greatest common divisor of 640 and 50.
10
Calculate the greatest common divisor of 33 and 77.
11
What is the greatest common factor of 7954 and 1164?
194
What is the highest common factor of 5 and 1565?
5
Calculate the greatest common factor of 536 and 67.
67
Calculate the greatest common divisor of 42 and 672.
42
Calculate the highest common divisor of 11 and 275.
11
What is the highest common divisor of 384 and 224?
32
Calculate the highest common factor of 29 and 464.
29
Calculate the greatest common divisor of 455 and 130.
65
What is the highest common factor of 185 and 25?
5
Calculate the highest common divisor of 689 and 265.
53
Calculate the greatest common factor of 154 and 22.
22
Calculate the highest common divisor of 20 and 2060.
20
What is the greatest common factor of 60 and 6690?
30
Calculate the greatest common factor of 8 and 1192.
8
Calculate the greatest common factor of 60 and 414.
6
What is the highest common factor of 31 and 62?
31
What is the greatest common divisor of 42 and 105?
21
What is the highest common factor of 11581 and 74?
37
What is the highest common factor of 2496 and 60?
12
What is the highest common factor of 581 and 83?
83
What is the highest common factor of 1633 and 46?
23
What is the greatest common factor of 15 and 75?
15
Calculate the highest common factor of 20 and 740.
20
What is the highest common factor of 2660 and 40?
20
What is the highest common divisor of 35 and 56?
7
What is the greatest common factor of 1304 and 16?
8
Calculate the greatest common divisor of 3780 and 84.
84
Calculate the highest common factor of 815 and 652.
163
Calculate the highest common divisor of 366 and 96.
6
What is the highest common divisor of 16 and 5448?
8
Calculate the greatest common factor of 2134 and 110.
22
What is the highest common factor of 90 and 10?
10
What is the highest common factor of 54 and 13?
1
What is the highest common factor of 39 and 9594?
39
What is the greatest common factor of 28 and 8?
4
What is the greatest common factor of 321 and 3?
3
Calculate the highest common factor of 9168 and 96.
48
Calculate the greatest common factor of 256 and 784.
16
What is the greatest common factor of 30312 and 72?
72
Calculate the highest common divisor of 57 and 304.
19
What is the greatest common factor of 3 and 2319?
3
Calculate the highest common factor of 315 and 140.
35
Calculate the highest common factor of 13 and 832.
13
Calculate the greatest common divisor of 175 and 14.
7
What is the highest common factor of 7965 and 135?
135
Calculate the greatest common factor of 180 and 3210.
30
Calculate the greatest common divisor of 60 and 2770.
10
What is the greatest common factor of 26 and 806?
26
Calculate the highest common factor of 2225 and 89.
89
Calculate the greatest common divisor of 550 and 25.
25
Calculate the greatest common divisor of 154 and 14.
14
What is the highest common divisor of 55 and 220?
55
What is the greatest common factor of 30 and 138?
6
What is the greatest common divisor of 2810 and 50?
10
What is the greatest common factor of 2160 and 4440?
120
Calculate the greatest common divisor of 8 and 784.
8
Calculate the highest common divisor of 319 and 110.
11
Calculate the highest common factor of 155 and 10.
5
Calculate the greatest common divisor of 17440 and 20.
20
What is the greatest common factor of 110 and 40?
10
What is the highest common factor of 42 and 6202?
14
Calculate the greatest common divisor of 205 and 40.
5
What is the highest common factor of 7 and 5?
1
Calculate the greatest common divisor of 480 and 210.
30
What is the greatest common divisor of 3642 and 48?
6
Calculate the highest common factor of 620 and 8308.
124
What is the greatest common factor of 527 and 248?
31
What is the greatest common divisor of 91 and 154?
7
Calculate the highest common factor of 60 and 12620.
20
What is the greatest common factor of 36 and 186?
6
Calculate the greatest common factor of 120 and 45.
15
Calculate the highest common factor of 168 and 552.
24
Calculate the highest common factor of 62 and 2.
2
Calculate the greatest common divisor of 679 and 291.
97
What is the greatest common factor of 4 and 520?
4
What is the highest common divisor of 1800 and 400?
200
Calculate the greatest common divisor of 192 and 6.
6
Calculate the greatest common divisor of 8264 and 8.
8
What is the greatest common factor of 2747 and 615?
41
What is the greatest common factor of 25 and 1075?
25
What is the highest common factor of 5084 and 124?
124
Calculate the highest common divisor of 22 and 4202.
22
What is the highest common factor of 9 and 45?
9
What is the highest common factor of 6 and 66?
6
What is the greatest common divisor of 16 and 4688?
16
Calculate the highest common factor of 31 and 37603.
31
Calculate the greatest common divisor of 121 and 99.
11
What is the greatest common divisor of 11 and 2101?
11
Calculate the greatest common factor of 44 and 330.
22
What is the greatest common divisor of 12 and 128?
4
What is the greatest common factor of 4 and 5?
1
Calculate the greatest common factor of 229 and 2.
1
What is the greatest common factor of 1378 and 26?
26
What is the greatest common factor of 3580 and 60?
20
Calculate the greatest common factor of 243 and 6669.
27
What is the greatest common factor of 1500 and 72?
12
Calculate the highest common factor of 400 and 3100.
100
What is the greatest common factor of 105 and 147?
21
What is the highest common divisor of 1356 and 24?
12
Calculate the greatest common factor of 18 and 2637.
9
What is the greatest common factor of 156 and 4108?
52
What is the highest common factor of 346 and 1557?
173
Calculate the greatest common factor of 32 and 216.
8
What is the greatest common divisor of 6 and 792?
6
Calculate the greatest common divisor of 3170 and 20.
10
What is the greatest common divisor of 37 and 1147?
37
Calculate the greatest common divisor of 403 and 31.
31
What is the greatest common factor of 4 and 80?
4
What is the greatest common factor of 57 and 5871?
57
Calculate the highest common divisor of 126 and 252.
126
What is the highest common divisor of 130 and 208?
26
Calculate the greatest common factor of 13 and 82849.
13
Calculate the highest common factor of 273 and 133.
7
What is the highest common divisor of 1566 and 1102?
58
What is the highest common divisor of 550 and 75?
25
Calculate the highest common factor of 432 and 1512.
216
Calculate the highest common divisor of 90 and 180.
90
What is the highest common divisor of 17927 and 364?
91
What is the highest common divisor of 27 and 21?
3
Calculate the greatest common factor of 82 and 123.
41
What is the greatest common factor of 136 and 2176?
136
Calculate the greatest common divisor of 219 and 75.
3
What is the greatest common divisor of 753 and 3?
3
What is the greatest common divisor of 26 and 1066?
26
Calculate the highest common factor of 1680 and 1890.
210
What is the greatest common divisor of 750 and 24?
6
What is the highest common divisor of 1278 and 18?
18
Calculate the highest common factor of 248 and 31.
31
Calculate the highest common divisor of 196 and 4452.
28
What is the greatest common factor of 192 and 744?
24
Calculate the greatest common divisor of 66 and 550.
22
What is the highest common factor of 59 and 472?
59
What is the greatest common divisor of 7 and 70?
7
What is the greatest common factor of 138 and 736?
46
What is the greatest common factor of 84 and 147?
21
Calculate the highest common divisor of 522 and 1102.
58
Calculate the greatest common factor of 3382 and 38.
38
What is the highest common factor of 26 and 5434?
26
Calculate the highest common factor of 4 and 244.
4
What is the highest common factor of 38 and 1026?
38
Calculate the highest common divisor of 16 and 128.
16
What is the highest common factor of 2 and 78?
2
Calculate the greatest common factor of 32 and 2704.
16
Calculate the highest common factor of 966 and 6.
6
What is the greatest common divisor of 21 and 567?
21
What is the greatest common factor of 320 and 1340?
20
What is the greatest common divisor of 8 and